{"id":8036,"date":"2025-03-26T10:47:54","date_gmt":"2025-03-26T14:47:54","guid":{"rendered":"https:\/\/staging-keystonecollects.temp927.kinsta.cloud\/?post_type=faq&#038;p=8036"},"modified":"2025-03-27T08:42:22","modified_gmt":"2025-03-27T12:42:22","slug":"los-menores-de-edad-estan-obligados-a-presentar-una-declaracion-de-impuestos-sobre-la-renta-local","status":"publish","type":"faq","link":"https:\/\/keystone.youramazingsite.com\/es\/faq\/are-minors-required-to-file-a-local-earned-income-tax-return\/","title":{"rendered":"\u00bfLos menores de edad est\u00e1n obligados a presentar una declaraci\u00f3n de impuestos sobre la renta local?"},"content":{"rendered":"<p class=\"wp-block-paragraph\">Por lo general, a los menores se les exige presentar una Declaraci\u00f3n de Impuesto sobre la Renta Local por cada a\u00f1o en el que tengan una compensaci\u00f3n tributable o ganancias netas.<\/p>","protected":false},"template":"","customer":[44],"faq_category":[],"taxes_fees":[41],"class_list":["post-8036","faq","type-faq","status-publish","hentry","customer-individuals","taxes_fees-earned-income-tax"],"acf":[],"_links":{"self":[{"href":"https:\/\/keystone.youramazingsite.com\/es\/wp-json\/wp\/v2\/faq\/8036","targetHints":{"allow":["GET"]}}],"collection":[{"href":"https:\/\/keystone.youramazingsite.com\/es\/wp-json\/wp\/v2\/faq"}],"about":[{"href":"https:\/\/keystone.youramazingsite.com\/es\/wp-json\/wp\/v2\/types\/faq"}],"version-history":[{"count":0,"href":"https:\/\/keystone.youramazingsite.com\/es\/wp-json\/wp\/v2\/faq\/8036\/revisions"}],"wp:attachment":[{"href":"https:\/\/keystone.youramazingsite.com\/es\/wp-json\/wp\/v2\/media?parent=8036"}],"wp:term":[{"taxonomy":"customer","embeddable":true,"href":"https:\/\/keystone.youramazingsite.com\/es\/wp-json\/wp\/v2\/customer?post=8036"},{"taxonomy":"faq_category","embeddable":true,"href":"https:\/\/keystone.youramazingsite.com\/es\/wp-json\/wp\/v2\/faq_category?post=8036"},{"taxonomy":"taxes_fees","embeddable":true,"href":"https:\/\/keystone.youramazingsite.com\/es\/wp-json\/wp\/v2\/taxes_fees?post=8036"}],"curies":[{"name":"wp","href":"https:\/\/api.w.org\/{rel}","templated":true}]}}

¿Los menores de edad están obligados a presentar una declaración de impuestos sobre la renta local?

<p class="wp-block-paragraph">Por lo general, a los menores se les exige presentar una Declaración de Impuesto sobre la Renta Local por cada año en el que tengan una compensación tributable o ganancias netas.</p>
